ime number?
False
Is 1142039 composite?
False
Is 151267 prime?
False
Is 499 composite?
False
Is 6474509 a prime number?
True
Is 3901 prime?
False
Is 764809 a prime number?
True
Is 478462 composite?
True
Is 173741 prime?
True
Is 10993 a prime number?
True
Is 1399 composite?
False
Is 438827 prime?
True
Is 31469 composite?
False
Is 15793 composite?
True
Is 486907 prime?
True
Is 5981 a prime number?
True
Is 10801 a prime number?
False
Is 4421 a prime number?
True
Is 137395 a prime number?
False
Is 185 prime?
False
Is 40879 a composite number?
False
Is 26121 a prime number?
False
Is 5911 prime?
False
Is 5143 composite?
True
Is 13873 a composite number?
False
Is 20267 a composite number?
True
Is 24233 prime?
False
Is 3409 a composite number?
True
Is 35729 a composite number?
False
Is 179 prime?
True
Is 195659 composite?
False
Is 1571 composite?
False
Is 628289 composite?
False
Is 1197067 a composite number?
False
Is 184787 composite?
True
Is 69371 a composite number?
False
Is 294703 composite?
False
Is 17413 prime?
False
Is 967 a prime number?
True
Is 352505 prime?
False
Is 126943 prime?
True
Is 70865 a composite number?
True
Is 25435 prime?
False
Is 33149 a prime number?
True
Is 6349 prime?
False
Is 40693 a prime number?
True
Is 15817 a composite number?
False
Is 649443 a composite number?
True
Is 7057 composite?
False
Is 185855 composite?
True
Is 83761 a composite number?
False
Is 14969 a prime number?
True
Is 3457 composite?
False
Is 506249 a prime number?
False
Is 748211 a prime number?
True
Is 3194 prime?
False
Is 38087 a composite number?
True
Is 64553 prime?
True
Is 51749 a prime number?
True
Is 157547 a prime number?
False
Is 379487 prime?
False
Is 108181 prime?
False
Is 1267907 a prime number?
True
Is 22189 a prime number?
True
Is 203459 a composite number?
False
Is 274423 a composite number?
False
Is 51743 a prime number?
False
Is 36289 composite?
True
Is 14893 a composite number?
True
Is 2003237 prime?
True
Is 38813 a composite number?
True
Is 663022 a composite number?
True
Is 201857 prime?
False
Is 179149 a composite number?
True
Is 22333 a prime number?
False
Is 80387 a prime number?
True
Is 9781 a composite number?
False
Is 182983 a prime number?
False
Is 275245 a prime number?
False
Is 37717 a prime number?
True
Is 13569 composite?
True
Is 2159 a prime number?
False
Is 31847 prime?
True
Is 54613 a composite number?
True
Is 7627 composite?
True
Is 199619 prime?
False
Is 53023 prime?
False
Is 317 a composite number?
False
Is 265781 composite?
False
Is 7901 composite?
False
Is 273337 a composite number?
True
Is 191 composite?
False
Is 10883 a prime number?
True
Is 239321 composite?
True
Is 41113 a composite number?
False
Is 38765 a composite number?
True
Is 26995 a prime number?
False
Is 24029 prime?
True
Is 43667 composite?
True
Is 53323 a prime number?
True
Is 496597 a prime number?
False
Is 98759 a composite number?
True
Is 18947 prime?
True
Is 5807 composite?
False
Is 806447 a composite number?
False
Is 161567 composite?
True
Is 532649 a prime number?
False
Is 21269 a prime number?
True
Is 24151 composite?
False
Is 376657 a composite number?
False
Is 372193 a composite number?
True
Is 6467 a composite number?
True
Is 20873 composite?
False
Is 1739 a composite number?
True
Is 29383 prime?
True
Is 564073 a composite number?
True
Is 3761 composite?
False
Is 319613 composite?
True
Is 121571 a composite number?
False
Is 3349 prime?
False
Is 51079 composite?
True
Is 5189 a prime number?
True
Is 2051 a composite number?
True
Is 3147 prime?
False
Is 340619 a composite number?
False
Is 8329 a composite number?
False
Is 14779 prime?
True
Is 49597 prime?
True
Is 3163 prime?
True
Is 136943 composite?
False
Is 80543 a prime number?
False
Is 43217 a prime number?
False
Is 94921 prime?
False
Is 746047 a composite number?
False
Is 2722 a prime number?
False
Is 1068593 a prime number?
False
Is 120283 a composite number?
False
Is 104459 prime?
True
Is 377593 a prime number?
True
Is 5639 prime?
True
Is 407441 a prime number?
False
Is 2103 a composite number?
True
Is 378659 composite?
True
Is 25681 composite?
True
Is 20089 a prime number?
True
Is 27539 a prime number?
True
Is 103407 prime?
False
Is 195046 composite?
True
Is 15581 prime?
True
Is 63097 composite?
False
Is 75977 a prime number?
False
Is 269447 a prime number?
False
Is 1157053 a prime number?
True
Is 4271 composite?
False
Is 63211 composite?
False
Is 5323 composite?
False
Is 145697 a prime number?
False
Is 859 a prime number?
True
Is 2939 a composite number?
False
Is 12509 a composite number?
True
Is 8213 composite?
True
Is 67985 composite?
True
Is 105757 composite?
True
Is 2533139 composite?
True
Is 8605 prime?
False
Is 74377 composite?
False
Is 529429 a composite number?
True
Is 1371665 a composite number?
True
Is 353 prime?
True
Is 18269 a prime number?
True
Is 37061 a prime number?
True
Is 5323 composite?
False
Is 29269 composite?
False
Is 11149 a prime number?
True
Is 3389 prime?
True
Is 6943 prime?
False
Is 2333 prime?
True
Is 34901 a prime number?
False
Is 4111 a composite number?
False
Is 20317 prime?
False
Is 82021 prime?
True
Is 27509 a composite number?
False
Is 619881 composite?
True
Is 37547 composite?
False
Is 258333 composite?
True
Is 5603 a composite number?
True
Is 256253 composite?
True
Is 163517 a composite number?
False
Is 211597 prime?
True
Is 90485 a composite number?
True
Is 23719 a prime number?
True
Is 1335085 a prime number?
False
Is 136769 a composite number?
False
Is 15877 composite?
False
Is 203807 composite?
False
Is 148663 prime?
True
Is 18799 a prime number?
False
Is 41843 prime?
True
Is 22871 a prime number?
True
Is 1733 composite?
False
Is 316538 composite?
True
Is 42481 composite?
True
Is 40363 a composite number?
True
Is 200227 a composite number?
False
Is 242713 a composite number?
False
Is 130769 composite?
False
Is 27349 a composite number?
True
Is 1087 prime?
True
Is 14507 prime?
False
Is 18839 composite?
False
Is 2629 a composite number?
True
Is 45779 prime?
True
Is 23957 a composite number?
False
Is 7273 a prime number?
False
Is 99635 prime?
False
Is 75745 prime?
False
Is 1511 prime?
True
Is 42941 composite?
True
Is 7237 prime?
True
Is 11203 composite?
True
Is 331859 composite?
True
Is 2051 a prime number?
False
Is 45221 prime?
False
Is 1286 prime?
False
Is 4561 composite?
False
Is 77471 prime?
True
Is 870391 composite?
False
Is 1643753 a prime number?
False
Is 48199 a prime number?
False
Is 58321 a prime number?
True
Is 1364161 prime?
True
Is 4861 a composite number?
False
Is 1361 a composite number?
False
Is 3559 composite?
False
Is 31741 composite?
False
Is 317561 a prime number?
False
Is 107131 a prime number?
False
Is 33247 a prime number?
True
Is 7261 composite?
True
Is 20849 a prime number?
True
Is 905741 composite?
True
Is 769 a prime number?
True
Is 82835 a prime number?
False
Is 8279 prime?
False
Is 73181 a prime number?
True
Is 25813 composite?
True
Is 49523 a composite number?
False
Is 66911 composite?
True
Is 468481 prime?
False
Is 872647 prime?
True
Is 17539 composite?
False
Is 17657 prime?
True
Is 291901 a prime number?
True
Is 458173 composite?
False
Is 32527 prime?
False
Is 199559 a composite number?
False
Is 2155403 a composite number?
True
Is 135515 prime?
False
Is 2203 composite?
False
Is 4699 composite?
True
Is 276209 composite?
False
Is 369227 a prime number?
False
Is 257 composite?
False
Is 32003 a prime number?
True
Is 294461 a prime number?
True
Is 345913 prime?
False
Is 3951205 prime?
False
Is 66574 prime?
False
Is 79327 composite?
True
Is 19277 composite?
True
Is 112481 a composite number?
False
Is 121729 prime?
False
Is 2916737 a prime number?
True
Is 8467 composite?
False
Is 22205 a prime number?
False
Is 65053 prime?
True
Is 76499 a composite number?
True
Is 245797 a prime number?
False
Is 701 composite?
False
Is 15149 a prime number?
True
Is 1962193 a composite number?
False
Is 851741 a composite number?
True
Is 134639 a prime number?
True
Is 407 prime?
False
Is 235159 composite?
False
Is 116329 composite?
False
Is 34795 composite?
True
Is 684841 composite?
False
Is 239119 composite?
False
Is 4249 a composite number?
True
Is 37 a prime number?
True
Is 13645 a composite number?
True
Is 1421845 a prime number?
Fals